 -p**2 + p. Let s(r) = a(r) - t(r). Determine s(5).
-8
Let g(m) be the second derivative of m**7/1260 + m**6/240 - m**5/40 - m**4/12 - 4*m. Let t(j) be the third derivative of g(j). Calculate t(-3).
6
Let k be (-2 - -1)/((-3)/6). Suppose 2*c + k*c = -8. Let s(i) = i**3 + 3*i**2 + 3*i + 2. Give s(c).
0
Let v(a) = 0 - 4 - 7*a + 2*a. Let d(j) = j**2 - j - 3. Let h be d(0). Calculate v(h).
11
Let u(l) = -l**2. Let f(o) = -o**3 - 12*o**2 - 8*o - 1. Let x(a) = -f(a) + 4*u(a). Give x(-7).
-6
Let g(l) = -5*l**3 - 11*l**2 + 3*l + 9. Let d(f) = -f**2 - 15*f + 6. Let i be d(-15). Let b(m) = -m**3 - m**2 + 1. Let x(w) = i*b(w) - g(w). Determine x(4).
1
Let g(r) = r**3 - 7*r**2 + 6*r - 3. Let x be (-210)/(-10)*16/(-3). Let i be 14/(-63) + x/(-18). What is g(i)?
-3
Let y(d) be the third derivative of d**6/120 - d**5/6 + d**4/3 + 2*d**3 + 9*d**2. Calculate y(9).
3
Let x(f) be the third derivative of -f**6/120 - f**3/6 - 6*f**2. Let g = -12 - -8. Let w = 4 + g. Determine x(w).
-1
Suppose 5 = -2*s + 3. Let a(q) = 5*q**2 - q. What is a(s)?
6
Let c = -7 + 2. Let b(h) = -2*h + 0*h + 3 + 4*h. Let s(p) = p + 1. Let w(m) = b(m) - s(m). Calculate w(c).
-3
Let z(w) be the second derivative of -w**5/20 + 5*w**4/12 - w**3/3 - 36*w. Calculate z(4).
8
Let k(f) = f**3 + 6*f**2 - f - 8. Suppose -y - 2 = -7. Suppose -r + 0 = -4, 50 = -5*p + y*r. Determine k(p).
-2
Let x(k) = -3*k**2 + 5*k + 4. Let d(t) = t**2 - 1. Let v(m) = 4*d(m) + x(m). Let l(g) = g**2 - 25*g + 19. Let z be l(24). Calculate v(z).
0
Let j(f) = f**3 - 3*f**2 - f. Let l(o) = -o - 7. Let n(p) = p**3 + 3*p**2 + 4*p + 2. Let a be n(-3). Let y be l(a). Determine j(y).
-3
Let p(i) = -i - 4. Suppose -v + 15 = 2*v. What is p(v)?
-9
Let k(o) = 3*o - 2. Let p = -12 + 11. Let v = p - -4. What is k(v)?
7
Let r(u) = -3*u + 2*u**2 + 20 - u**2 - 21. Give r(5).
9
Let a = 0 + -2. Let m(t) be the third derivative of t**5/60 - t**4/12 - t**3/3 + 13*t**2. Determine m(a).
6
Let v(o) be the first derivative of o**3/3 + 3*o**2/2 + 2*o + 29. Give v(-4).
6
Let t(p) = -4*p**3 + p**2 - 1. Suppose -4*u + 5*w + 30 = 0, -4*u = -0*w + w - 18. Let j(d) = d - 6. Let h be j(u). Calculate t(h).
4
Suppose n = -0 + 1. Let m(j) = j**2 + 2 - 3*j - n - 2*j. Suppose -4*o = h + 3 - 5, -2*h = o - 4. Give m(h).
-5
Let h(v) be the third derivative of -v**5/60 - v**4/24 - v**3/3 + 13*v**2. What is h(-3)?
-8
Let k be (0 + (-3)/6)*-4. Suppose a + 6 = k. Let w = a - 0. Let g(i) = -2*i - 1. Calculate g(w).
7
Let g(z) = z**2 - 8*z - 2. Let s = 194 - 187. Determine g(s).
-9
Let a(c) = -c**2 + 1. Let v(b) = -7*b**2 + 4*b + 3. Let f = 18 + -12. Let s(w) = f*a(w) - v(w). Give s(2).
-1
Let q(l) = 65*l**3 + 25*l - 18*l**2 - 62*l**3 + 0 - 11. Let g = -5 + 0. Let u(r) = -2*r**3 + 12*r**2 - 17*r + 7. Let z(y) = g*q(y) - 7*u(y). Give z(5).
1
Let g(z) = 6*z**2 + 11*z + 5. Let k(s) = 5*s**2 + 10*s + 5. Let j = -6 + 11. Let d(q) = j*k(q) - 4*g(q). Determine d(-4).
-3
Let t be -2*((-2)/(-2) - -1). Suppose -2*g = 1 - 9. Let f(d) = d - 1 + g - 1. Determine f(t).
-2
Suppose 2*u + 12 = -4*m, 2*u - m = -2*u + 21. Let j(x) = -u*x + 3*x + 2*x + 6*x. Let f(k) = -k - 1. Let w be f(-2). Determine j(w).
7
Let h be 2 + -4 + 1*4. Let f(m) = -2*m**h - 4*m + 5*m - m + 2 - m. Determine f(-2).
-4
Let b(d) = -3*d - 2. Suppose 4*f + 8 = -4*v, 0 = -5*f - v + 5 + 1. Determine b(f).
-8
Let g(c) = c**2 + 9*c + 9. Let j be g(-7). Let k(t) = -2*t - 4 + 4*t**2 + t**3 - 4*t + t. What is k(j)?
-4
Let b be 1/(-2 - -3)*5. Suppose b = -3*d + 2. Let l(p) = 4*p**2 - p. Determine l(d).
5
Let z(u) be the first derivative of -1/360*u**6 - 1/3*u**3 + 0*u - 4 + 0*u**2 - 1/60*u**5 - 1/24*u**4. Let c(x) be the third derivative of z(x). Give c(-1).
0
Suppose 0 = 2*q - 5*o + 17, -5*o + 3*o = 2*q - 18. Let i(u) = -u**2 + 5*u + 2. Determine i(q).
6
Suppose 0 = -4*r + x, 0 = 3*r + 2*r + 4*x. Let m(h) = h**3 - h + 4. Determine m(r).
4
Let a(p) = -p**3 - 6*p**2 - 2*p - 1. Let l(x) = -x**2 - 7*x + 24. Let o be l(-10). Give a(o).
11
Let a(z) be the third derivative of 1/24*z**4 + 0*z + 0 - 6*z**2 - 3/2*z**3. Calculate a(0).
-9
Let w(a) = -6*a - 2. Let g(q) = -7*q - 3. Let u(k) = 5*g(k) - 6*w(k). Let f be u(4). Let x(l) = 1 - 7 - f + l**2 - 2*l. What is x(5)?
8
Let m(n) = n**3 + 3*n**2 + n + 1. Let t(o) = o**3 + 2*o**2 + o + 1. Suppose -5*c = -c + 8. Let g(y) = c*t(y) + 3*m(y). Calculate g(-5).
-4
Suppose 6 = -2*k, -p + k + 2*k = 3. Let o(a) = -a**2 - 13*a - 14. Calculate o(p).
-2
Let g(v) = 4*v - 3 - 1 - 3*v. Calculate g(-5).
-9
Let k(m) be the third derivative of m**6/360 - m**5/20 + 5*m**4/24 - 4*m**2. Let q(y) be the second derivative of k(y). What is q(5)?
4
Let z(o) = -4. Let n(l) = l + 5. Let b(r) = -2*n(r) - 3*z(r). Give b(4).
-6
Let p(s) = -3*s**2 + 3*s. Suppose j + 2*k - 5 + 1 = 0, 0 = 4*j - k - 7. Calculate p(j).
-6
Let h be (-6)/4*4/(-2). Suppose 1 = -2*j + 3*m - 8, 9 = 2*j + h*m. Let i(v) = v**3 + 7. What is i(j)?
7
Suppose -4*b - 10 = -5*b - 5*a, 5*a - 30 = -5*b. Let x(l) = -7*l + 3*l**2 - 2*l**2 - 3 + 8. Determine x(b).
-5
Let v(h) be the second derivative of -1/6*h**3 + 0 + 2*h**2 - 1/20*h**5 - 4*h - 1/3*h**4. Determine v(-3).
-2
Let w(c) be the second derivative of 2*c**4/3 + c**3/3 - c**2/2 - c. Let n = -4 - -2. Let q = n + 3. Give w(q).
9
Let c(n) = -3*n**3 + 3*n**2 - 3*n - 5. Let s(b) = -4*b**3 + 2*b**2 - 3*b - 6. Let v(y) = 3*c(y) - 2*s(y). Determine v(3).
6
Let g(s) be the second derivative of s**4/6 - 24*s. Calculate g(-2).
8
Let q(m) = 63*m**3 - 24*m**3 - 1 - 31*m**3. Determine q(-1).
-9
Suppose h + 0 = 2. Let r(s) = -7*s**2 - s**3 - 6 - h*s**2 + s**2. What is r(-8)?
-6
Let q(z) be the third derivative of z**5/30 + 19*z**3/6 + z**2. Let i(f) = -f**2 - 10. Let a(j) = -11*i(j) - 6*q(j). Determine a(3).
-13
Let q(v) = v**2 + 6*v - 33. Let k be q(-9). Let w(n) = n**3 + 6*n**2 - 2*n - 8. What is w(k)?
4
Let b(y) = -3*y**3 + 2*y**2 + y. Suppose 0 = -5*w - 5 - 0. Let n be b(w). Let u(q) = 4*q. Let z(p) = 7*p. Let s(a) = 5*u(a) - 3*z(a). What is s(n)?
-4
Let n(t) = t**2 - 7*t - 1. Let s(y) = -y - 1. Let z(b) = n(b) - 3*s(b). Let a be -3*((-14)/(-6) - 3). Suppose g + a = 2*g. Give z(g).
-2
Let f(p) = -2 + 5*p + 5*p**2 - 6*p**2 + 1. Give f(4).
3
Let z = -5 + 15. Let v(p) = 9*p - z*p - 1 - 4*p. Suppose 0 = 3*s + s + 8. What is v(s)?
9
Let g(a) = -9*a**3 - 7*a**2 - 13*a - 4. Let i(y) = -5*y**3 - 4*y**2 - 7*y - 2. Let b(r) = 6*g(r) - 11*i(r). What is b(-3)?
-8
Suppose -2*t + 8 = -4*t - 3*y, 0 = -3*t - 2*y - 2. Let d(b) = b + 1. Let x(u) = -4*u - 4. Let k(f) = -3*d(f) - x(f). What is k(t)?
3
Let j(d) = d + 7. Let z be ((-10)/(-8))/((-2)/(-8)). Suppose -z*m = -m. Suppose m = -q - q. Calculate j(q).
7
Let q = -79 + 80. Suppose 3*c - 2 = -v, 0*v - 5*v - 2*c - 3 = 0. Let a be v*3 + q/1. Let u(m) = -m - 3. What is u(a)?
-1
Let d(h) = h + 6. Let f = -10 + 13. Suppose -3*g - 4*o = -1, f = -3*g - 0*g - 3*o. What is d(g)?
1
Suppose -3*k = -5*v + 1, -11 - 2 = 3*k - 2*v. Let a(l) = l**3 + 8*l**2 + 9*l + 5. What is a(k)?
-9
Let w(f) be the third derivative of f**4/24 + 2*f**3/3 + 59*f**2. Determine w(3).
7
Let x(t) = -t**3 + 1. Let h(g) = -3*g**3 + g + 3. Let n(i) = -2*h(i) + 5*x(i). Let k = 15 + -11. Let b = k + -5. What is n(b)?
0
Let t(s) = -s - 16. Suppose 38 = -5*d + 4*h, -5*d + 4*h = 2*h + 44. Let j be t(d). Let g(y) = -y - 6. Calculate g(j).
0
Let n be (-24)/(-16)*(-24)/(-9). Let p(l) = 3*l - 6. Let j be p(4). Suppose d + j = n*d. Let q(o) = -o - 2. Give q(d).
-4
Let t(c) = -2 + 4*c - 6*c + 4. Suppose -f = -3*p + 8, 4*p - 2 = f + 10. Suppose -6*m = -5*m, -p*m + 15 = 5*s. Give t(s).
-4
Let v(m) = -m**3 + 1. Let u(t) = -2*t**3 + 4. Let y(l) = -5*u(l) + 20*v(l). Determine y(-1).
10
Let f be 1 + 3 + 0 + -2. Let q(a) = 4*a + f*a - a + 7*a. Suppose -6*n + 4*n = 2. What is q(n)?
-12
Let u(r) = -11*r**3 - r**2 + 10*r + 4. Let z(p) = 7*p**3 + p**2 - 7*p - 3. Let w(y) = 5*u(y) + 8*z(y). Give w(-4).
4
Let p = 5 + -16. Let u(y) = y**3 + 12*y**2 + 10*y - 8. Let r be u(p). Suppose 4*v - r*v = -1. Let g(h) = 9*h**2 - 1. Determine g(v).
8
Let l(s) = 8*s + 3. Let u(d) = -1. Let c(b) = l(b) + 4*u(b). Suppose 2*w - 2 = 3*h, h + 0 = -3*w + 3. Determine c(w).
7
Let o(d) be the third derivative of d**6/120 - d**5/20 - d**4/24 + 2*d**3/3 - 2*d**2. Give o(3).
1
Let o(i) = i + 8. Let d(l) = -4*l - 33. Let v(b) = 2*d(b) + 9*o(b). Give 